*s - 208*b. Calculate the greatest common factor of 1421 and s.
49
Suppose -8*c + 3*c - 3 = 2*o, -1 = -o - 5*c. Let l(n) = -22*n - 32. Let z be l(o). Calculate the greatest common factor of 72 and z.
8
Suppose 0 = 7*i - 20 - 64. Let c(s) = 25*s + 84. Let g be c(i). What is the highest common divisor of g and 24?
24
Suppose 19*u = -1232 + 4823. Suppose 2*l - 134 = -92. What is the highest common divisor of u and l?
21
Suppose 0 = -4*k + 5*v + 4925, 72*k - 71*k - 2*v = 1229. What is the greatest common divisor of 585 and k?
65
Suppose -2*n = -n, 2*d - n - 240 = 0. Suppose 5*f - 7*f = -d. What is the highest common divisor of f and 30?
30
Let c be (13 - 15)*(-179 - 0). Calculate the highest common divisor of c and 26.
2
Let u(n) = n**3 + 15*n**2 + 16*n + 31. Let d be u(-14). Suppose d*f - 20 = -a, 0 = -14*f + 11*f - 6. What is the greatest common divisor of a and 143?
13
Let m(c) = c**3 + 10*c**2 - 3*c + 7. Let a be m(-6). Let l(q) = -q**3 + 35*q**2 + 270*q - 2644. Let v be l(40). Calculate the highest common divisor of v and a.
13
Let d be ((-11)/(385/(-30)))/((-9)/(-42)). Suppose -3*q + 18 = r + 2*r, 51 = d*r - 5*q. Calculate the highest common divisor of r and 6.
3
Suppose 378*w - 4194 = -100*w - 3716*w. Let f(b) = -b + 2. Let i be f(-2). Let m be 27 - (-2 + -2 + i). Calculate the greatest common factor of w and m.
1
Let b = 3393 - 3348. Let p be 4 + 1*(-117)/(-3). Let n = 17 + p. Calculate the greatest common divisor of n and b.
15
Let i be ((-325)/65)/(4/(-2964)). What is the highest common divisor of i and 65?
65
Let p(f) = -62*f + 6602. Let o be p(106). What is the highest common divisor of 4010 and o?
10
Let j be (-3 - 236/(-8))/((-2)/4). Let c = j + 58. Suppose r = 19 - c. What is the highest common factor of r and 126?
14
Let i be 1/(-3) + (-6752)/(-96). What is the greatest common factor of i and 6790?
70
Let l = -196 - -226. Suppose -2688 = -l*z + 1272. Calculate the highest common divisor of 220 and z.
44
Suppose 0 = 6*n - 69 - 3. Let k(w) = w**3 - 10*w**2 + 2*w - 42. Let l be k(n). What is the greatest common divisor of 54 and l?
54
Suppose b = -2*b - 2*f + 85, 4*b - 118 = 2*f. Let v be 348/(-16)*((-364)/42 - -6). What is the highest common divisor of b and v?
29
Suppose 5*z + 0*z = 0. Suppose -5*n + n + 64 = z. Suppose -5*d + 5*x = -45, 85*x = 2*d + 87*x - 14. What is the greatest common factor of d and n?
8
Suppose -258*b + 3876054 = 200*b. What is the highest common divisor of b and 42?
21
Let m be (1/((-65)/78))/((3/(-40))/3). Let h(v) = 80*v**3 - v**2 + 2*v - 1. Let g be h(1). Calculate the highest common divisor of g and m.
16
Let r be ((-392)/(-18))/(3/36) - 14/42. Let v be (-332)/(-36) + 2/(-9). What is the greatest common divisor of r and v?
9
Let b(u) = -20 + 2*u**2 - 5*u**2 - 13*u + 4*u**2. Let d = 1903 - 1888. Let q be b(d). What is the highest common divisor of 5 and q?
5
Suppose 583 = 28*c - 117. What is the greatest common factor of c and 2625?
25
Suppose -5*p - 25 = -h, 0 = 2*h + 2*h + 5*p - 75. Let w = -14 + h. Let t = 40 - w. What is the greatest common factor of t and 51?
17
Let z(r) be the second derivative of 7*r**3/2 - 41*r**2 + 97*r. Let c be z(6). Calculate the greatest common divisor of 4 and c.
4
Suppose 82*n - 12600 = 12*n. Let q = 440 - n. What is the greatest common divisor of q and 156?
52
Let s be (2 + 2)*(-4 - 378/(-6)). Suppose -3*p + 4*n + 188 = -0*p, -4*p + s = 2*n. Let y = 34 - 19. What is the greatest common factor of y and p?
15
Suppose 10*t - 71*t = 93*t - 74536. What is the highest common divisor of t and 16?
4
Let k = 47361 + -47348. Let r be 52/5*5*1. Suppose -2*t - r = -6*t. Calculate the highest common factor of k and t.
13
Let n = -1464 - -1493. What is the greatest common divisor of n and 3509?
29
Let n be 640/(-30)*9/(-2). Suppose 5*k + n = 8*k. What is the highest common factor of 16 and k?
16
Suppose -4*m = m - 195. Let l = -37 + m. Suppose -2*i + v - 12 = -33, 0 = l*i + 4*v + 4. What is the highest common divisor of i and 56?
8
Let x be (-4)/(-34) - 504/(-51). Suppose 0 = -3*l - 2*g + 5, -l - x + 5 = 2*g. Let q = -46 + 101. What is the greatest common divisor of l and q?
5
Let c(t) be the second derivative of t**5/20 + 25*t**4/12 + 23*t**3/6 - 9*t**2/2 + 48*t. Let q be c(-24). Calculate the greatest common factor of 45 and q.
15
Let m = 791 - 389. Let v = m - 378. Calculate the highest common factor of 312 and v.
24
Let a be -1 - (3 + 25/10*-2). Let y be (103 - a) + 90/(-30). Calculate the greatest common factor of y and 54.
9
Let i(o) = o**2 - 4*o - 94. Let z be i(15). Calculate the highest common divisor of z and 2059.
71
Suppose 5*f = -6*f - 8261. Let l = 791 + f. What is the greatest common factor of 168 and l?
8
Let l(n) = -85*n - 1790. Let y be l(-47). What is the greatest common factor of 30 and y?
15
Suppose -869 = -19*f - 147. Suppose -n - 81 = 12*r - 16*r, -r - 1 = 4*n. What is the highest common divisor of r and f?
19
Suppose -5 = 5*y, 60 - 23 = 3*l - y. What is the highest common divisor of 4848 and l?
12
Let c = -22560 - -23673. What is the highest common divisor of 14 and c?
7
Let n = -149 + 209. Suppose v - 22 = -3*h, -n + 26 = -2*v - h. What is the greatest common factor of 8 and v?
8
Let g = 3103 - 3088. Calculate the highest common divisor of 7170 and g.
15
Suppose 11585 = -5*i + 10*i - 3*b, -i + 2300 = -4*b. What is the highest common factor of 348 and i?
116
Suppose -77 = -5*h + 4*u, -5*h + 5*u = -11 - 59. Suppose -4*a + 48 = 20. What is the greatest common divisor of a and h?
7
Let y be ((-82)/1)/(-10 - 60/(-5)). Let z = y - -54. Calculate the greatest common factor of 26 and z.
13
Suppose -3*c = 3*j - 501, 3*c + 4*j = 29 + 471. Suppose -2*f - 80 = -0*f. Let v = -19 - f. Calculate the greatest common divisor of c and v.
21
Suppose -14 = 5*q + 71. Let w(f) = -2*f - 35. Let y be w(q). Let n be (-30)/10*9*9*y. Calculate the highest common factor of n and 27.
27
Let c(s) = -344*s - 3646. Let t be c(-28). What is the highest common divisor of t and 82?
82
Suppose 10*y - 76 = -6. Suppose -10*s + 136 = y*s. Calculate the highest common divisor of 2 and s.
2
Let t = 81 + -77. Let o be 27/2 + 0 + 2/t. Let u = 12 + o. Calculate the highest common factor of 26 and u.
26
Suppose -71*o + 68*o + 870 = 0. Suppose -200 = -381*q + 371*q. Calculate the highest common divisor of o and q.
10
Let z be (8 + 0 - 161)*-9. Suppose -3*h = 5*d - z, 1328 = 4*h - 4*d - 540. Calculate the greatest common factor of 16 and h.
16
Let v(g) = -9 + 25*g - 22*g - 37 - 25*g. Let i be v(-8). Suppose 0*q = -4*q - 2*r + i, q - 50 = -4*r. What is the greatest common factor of q and 30?
30
Suppose -640*f + 642*f = 66. Let l be ((-1)/(-2))/(1/6). Let p be 2/6 + 791/l. Calculate the greatest common divisor of f and p.
33
Suppose -414348 = 12*c - 414828. Calculate the highest common factor of 38640 and c.
40
Suppose -206861 = 206*d - 389769 - 430148. Calculate the highest common divisor of d and 240.
48
Let o(b) = b**3 + 22*b**2 + 6*b - 15. Let w(u) = 14*u - 92. Let f be w(6). Let m be o(f). Calculate the highest common divisor of m and 49.
49
Let k(v) = 17*v**2 + 67*v + 35. Let y(b) = -11*b**3 + 4*b**2 - 5*b + 2. Let j be y(1). Let c be k(j). Calculate the highest common divisor of 15 and c.
15
Let f(r) be the second derivative of r**3/6 - r**2 + r. Let x = 623 + -617. Let p be f(x). Calculate the greatest common factor of p and 20.
4
Let b(z) = z**3 + 7*z**2 - 23*z - 8. Let o be b(-7). What is the greatest common factor of 2244 and o?
51
Suppose -194*z - 48 = -197*z. Let l be (-3709)/(-8) + 6/z. Calculate the greatest common factor of 29 and l.
29
Let i(f) = -2*f**3 - 26*f**2 - f - 2. Let q be i(-13). Suppose 4*d - q = a, -4*d + 0*d = 3*a - 31. Calculate the highest common factor of 40 and a.
5
Suppose -7*r + 35 = -3*r - u, 2*u = 4*r - 38. Suppose -r*n = -33 + 1. Let s(k) = k - 2. Let q be s(n). What is the greatest common divisor of q and 2?
2
Let u(k) = k**2 + 25*k - 65. Let f be u(-31). Let l = -90 + f. Suppose -37*a + l*a + 180 = 0. What is the highest common factor of 15 and a?
15
Suppose -128*d + 123*d = -1010. Suppose 0 = f - 2, 2*f = 4*y - d - 394. Suppose -124 = -3*x - 34. Calculate the highest common divisor of y and x.
30
Suppose -5*n + 528 = -2*z, 0*z - z + 308 = 3*n. Let u(c) = 0 + 1 + 12